{"version":"1.0","provider_name":"photovoyage.fr","provider_url":"http:\/\/www.photovoyage.fr\/blog","author_name":"photovoyage","author_url":"http:\/\/www.photovoyage.fr\/blog\/author\/guillaume\/","title":"Milan la capitale chic ! - photovoyage.fr","type":"rich","width":600,"height":338,"html":"<blockquote class=\"wp-embedded-content\" data-secret=\"DtUmHYqXLY\"><a href=\"http:\/\/www.photovoyage.fr\/blog\/milan\/\">Milan la capitale chic !<\/a><\/blockquote><iframe sandbox=\"allow-scripts\" security=\"restricted\" src=\"http:\/\/www.photovoyage.fr\/blog\/milan\/embed\/#?secret=DtUmHYqXLY\" width=\"600\" height=\"338\" title=\"\u00ab\u00a0Milan la capitale chic !\u00a0\u00bb &#8212; photovoyage.fr\" data-secret=\"DtUmHYqXLY\" frameborder=\"0\" marginwidth=\"0\" marginheight=\"0\" scrolling=\"no\" class=\"wp-embedded-content\"><\/iframe><script type=\"text\/javascript\">\n\/* <![CDATA[ *\/\n\/*! This file is auto-generated *\/\n!function(d,l){\"use strict\";l.querySelector&&d.addEventListener&&\"undefined\"!=typeof URL&&(d.wp=d.wp||{},d.wp.receiveEmbedMessage||(d.wp.receiveEmbedMessage=function(e){var t=e.data;if((t||t.secret||t.message||t.value)&&!\/[^a-zA-Z0-9]\/.test(t.secret)){for(var s,r,n,a=l.querySelectorAll('iframe[data-secret=\"'+t.secret+'\"]'),o=l.querySelectorAll('blockquote[data-secret=\"'+t.secret+'\"]'),c=new RegExp(\"^https?:$\",\"i\"),i=0;i<o.length;i++)o[i].style.display=\"none\";for(i=0;i<a.length;i++)s=a[i],e.source===s.contentWindow&&(s.removeAttribute(\"style\"),\"height\"===t.message?(1e3<(r=parseInt(t.value,10))?r=1e3:~~r<200&&(r=200),s.height=r):\"link\"===t.message&&(r=new URL(s.getAttribute(\"src\")),n=new URL(t.value),c.test(n.protocol))&&n.host===r.host&&l.activeElement===s&&(d.top.location.href=t.value))}},d.addEventListener(\"message\",d.wp.receiveEmbedMessage,!1),l.addEventListener(\"DOMContentLoaded\",function(){for(var e,t,s=l.querySelectorAll(\"iframe.wp-embedded-content\"),r=0;r<s.length;r++)(t=(e=s[r]).getAttribute(\"data-secret\"))||(t=Math.random().toString(36).substring(2,12),e.src+=\"#?secret=\"+t,e.setAttribute(\"data-secret\",t)),e.contentWindow.postMessage({message:\"ready\",secret:t},\"*\")},!1)))}(window,document);\n\/* ]]> *\/\n<\/script>\n","thumbnail_url":"http:\/\/www.photovoyage.fr\/blog\/wp-content\/uploads\/ngg_featured\/MG_9054-Copier.JPG","thumbnail_width":800,"thumbnail_height":533,"description":"Milan est la capitale \u00e9conomique du nord de l&rsquo;Italie. La cit\u00e9 lombarde n&rsquo;a pas l&rsquo;histoire et le patrimoine de Rome, mais la ville, au demeurant capitale ( &#8230; de la mode), poss\u00e8de tout de m\u00eame quelques arguments \u00e0 faire valoir. On ne vous conseille pas forc\u00e9ment d&rsquo;y passer une semaine mais pour deux ou trois &hellip;"}

Milan est la capitale économique du nord de l&rsquo;Italie. La cité lombarde n&rsquo;a pas l&rsquo;histoire et le patrimoine de Rome, mais la ville, au demeurant capitale ( &#8230; de la mode), possède tout de même quelques arguments à faire valoir. On ne vous conseille pas forcément d&rsquo;y passer une semaine mais pour deux ou trois &hellip;
