{"id":2495,"date":"2017-04-24T21:11:14","date_gmt":"2017-04-24T20:11:14","guid":{"rendered":"http:\/\/www.photovoyage.fr\/blog\/?page_id=2495"},"modified":"2018-06-01T22:58:42","modified_gmt":"2018-06-01T21:58:42","slug":"aupres-de-arbres","status":"publish","type":"page","link":"http:\/\/www.photovoyage.fr\/blog\/aupres-de-arbres\/","title":{"rendered":"Projet \u00ab\u00a0Aupr\u00e8s de mon Arbre\u00a0\u00bb"},"content":{"rendered":"<div class=\"yzp-no-index\"><\/div><p>Les arbres sont un sujet photographique que j&rsquo;aime particuli\u00e8rement. Ces \u00ab\u00a0dons de la nature\u00a0\u00bb qui changent au fil des saisons, nous gratifiant sans cesse de nouveaux \u00ab\u00a0visages\u00a0\u00bb . Ce sont aussi des t\u00e9moins de l&rsquo;histoire qui nous font relativiser quant \u00e0 notre empreinte sur cette Terre. Les arbres sont la vie.<\/p>\n<p>Je pr\u00e9sente ici quelques photos d&rsquo;arbres en tout genre qui j&rsquo;ai pu admirer. Chacun a &nbsp;su attirer mon regard par sa singularit\u00e9.<\/p>\nngg_shortcode_0_placeholder\n<p>&nbsp;<\/p>\n","protected":false},"excerpt":{"rendered":"<p>Les arbres sont un sujet photographique que j&rsquo;aime particuli\u00e8rement. Ces \u00ab\u00a0dons de la nature\u00a0\u00bb qui changent au fil des saisons, nous gratifiant sans cesse de nouveaux \u00ab\u00a0visages\u00a0\u00bb . Ce sont aussi des t\u00e9moins de l&rsquo;histoire qui nous font relativiser quant \u00e0 notre empreinte sur cette Terre. Les arbres sont la vie. Je pr\u00e9sente ici quelques &hellip;<\/p>\n","protected":false},"author":1,"featured_media":0,"parent":0,"menu_order":0,"comment_status":"closed","ping_status":"closed","template":"","meta":{"ngg_post_thumbnail":0,"footnotes":""},"class_list":["post-2495","page","type-page","status-publish","hentry","entry entry-center"],"yoast_head":"<!-- This site is optimized with the Yoast SEO plugin v24.1 - https:\/\/yoast.com\/wordpress\/plugins\/seo\/ -->\n<title>Projet &quot;Aupr\u00e8s de mon Arbre&quot; - photovoyage.fr<\/title>\n<meta name=\"robots\" content=\"index, follow, max-snippet:-1, max-image-preview:large, max-video-preview:-1\" \/>\n<link rel=\"canonical\" href=\"http:\/\/www.photovoyage.fr\/blog\/aupres-de-arbres\/\" \/>\n<meta property=\"og:locale\" content=\"fr_FR\" \/>\n<meta property=\"og:type\" content=\"article\" \/>\n<meta property=\"og:title\" content=\"Projet &quot;Aupr\u00e8s de mon Arbre&quot; - photovoyage.fr\" \/>\n<meta property=\"og:description\" content=\"Les arbres sont un sujet photographique que j&rsquo;aime particuli\u00e8rement. Ces \u00ab\u00a0dons de la nature\u00a0\u00bb qui changent au fil des saisons, nous gratifiant sans cesse de nouveaux \u00ab\u00a0visages\u00a0\u00bb . Ce sont aussi des t\u00e9moins de l&rsquo;histoire qui nous font relativiser quant \u00e0 notre empreinte sur cette Terre. Les arbres sont la vie. Je pr\u00e9sente ici quelques &hellip;\" \/>\n<meta property=\"og:url\" content=\"http:\/\/www.photovoyage.fr\/blog\/aupres-de-arbres\/\" \/>\n<meta property=\"og:site_name\" content=\"photovoyage.fr\" \/>\n<meta property=\"article:modified_time\" content=\"2018-06-01T21:58:42+00:00\" \/>\n<meta name=\"twitter:label1\" content=\"Dur\u00e9e de lecture estim\u00e9e\" \/>\n\t<meta name=\"twitter:data1\" content=\"1 minute\" \/>\n<script type=\"application\/ld+json\" class=\"yoast-schema-graph\">{\"@context\":\"https:\/\/schema.org\",\"@graph\":[{\"@type\":\"WebPage\",\"@id\":\"http:\/\/www.photovoyage.fr\/blog\/aupres-de-arbres\/\",\"url\":\"http:\/\/www.photovoyage.fr\/blog\/aupres-de-arbres\/\",\"name\":\"Projet \\\"Aupr\u00e8s de mon Arbre\\\" - photovoyage.fr\",\"isPartOf\":{\"@id\":\"http:\/\/www.photovoyage.fr\/blog\/#website\"},\"datePublished\":\"2017-04-24T20:11:14+00:00\",\"dateModified\":\"2018-06-01T21:58:42+00:00\",\"breadcrumb\":{\"@id\":\"http:\/\/www.photovoyage.fr\/blog\/aupres-de-arbres\/#breadcrumb\"},\"inLanguage\":\"fr-FR\",\"potentialAction\":[{\"@type\":\"ReadAction\",\"target\":[\"http:\/\/www.photovoyage.fr\/blog\/aupres-de-arbres\/\"]}]},{\"@type\":\"BreadcrumbList\",\"@id\":\"http:\/\/www.photovoyage.fr\/blog\/aupres-de-arbres\/#breadcrumb\",\"itemListElement\":[{\"@type\":\"ListItem\",\"position\":1,\"name\":\"Accueil\",\"item\":\"http:\/\/www.photovoyage.fr\/blog\/\"},{\"@type\":\"ListItem\",\"position\":2,\"name\":\"Projet \u00ab\u00a0Aupr\u00e8s de mon Arbre\u00a0\u00bb\"}]},{\"@type\":\"WebSite\",\"@id\":\"http:\/\/www.photovoyage.fr\/blog\/#website\",\"url\":\"http:\/\/www.photovoyage.fr\/blog\/\",\"name\":\"photovoyage.fr\",\"description\":\"La passion de la photo et du voyage. Retrouvez ici nos r\u00e9cits de voyages et nos photos.\",\"publisher\":{\"@id\":\"http:\/\/www.photovoyage.fr\/blog\/#\/schema\/person\/a6600656ccdd05f7a4132987c28fc4ac\"},\"potentialAction\":[{\"@type\":\"SearchAction\",\"target\":{\"@type\":\"EntryPoint\",\"urlTemplate\":\"http:\/\/www.photovoyage.fr\/blog\/?s={search_term_string}\"},\"query-input\":{\"@type\":\"PropertyValueSpecification\",\"valueRequired\":true,\"valueName\":\"search_term_string\"}}],\"inLanguage\":\"fr-FR\"},{\"@type\":[\"Person\",\"Organization\"],\"@id\":\"http:\/\/www.photovoyage.fr\/blog\/#\/schema\/person\/a6600656ccdd05f7a4132987c28fc4ac\",\"name\":\"photovoyage\",\"image\":{\"@type\":\"ImageObject\",\"inLanguage\":\"fr-FR\",\"@id\":\"http:\/\/www.photovoyage.fr\/blog\/#\/schema\/person\/image\/\",\"url\":\"http:\/\/www.photovoyage.fr\/blog\/wp-content\/uploads\/2018\/04\/cropped-cropped-logo3.jpg\",\"contentUrl\":\"http:\/\/www.photovoyage.fr\/blog\/wp-content\/uploads\/2018\/04\/cropped-cropped-logo3.jpg\",\"width\":873,\"height\":111,\"caption\":\"photovoyage\"},\"logo\":{\"@id\":\"http:\/\/www.photovoyage.fr\/blog\/#\/schema\/person\/image\/\"}}]}<\/script>\n<!-- \/ Yoast SEO plugin. -->","yoast_head_json":{"title":"Projet \"Aupr\u00e8s de mon Arbre\" - photovoyage.fr","robots":{"index":"index","follow":"follow","max-snippet":"max-snippet:-1","max-image-preview":"max-image-preview:large","max-video-preview":"max-video-preview:-1"},"canonical":"http:\/\/www.photovoyage.fr\/blog\/aupres-de-arbres\/","og_locale":"fr_FR","og_type":"article","og_title":"Projet \"Aupr\u00e8s de mon Arbre\" - photovoyage.fr","og_description":"Les arbres sont un sujet photographique que j&rsquo;aime particuli\u00e8rement. Ces \u00ab\u00a0dons de la nature\u00a0\u00bb qui changent au fil des saisons, nous gratifiant sans cesse de nouveaux \u00ab\u00a0visages\u00a0\u00bb . Ce sont aussi des t\u00e9moins de l&rsquo;histoire qui nous font relativiser quant \u00e0 notre empreinte sur cette Terre. Les arbres sont la vie. Je pr\u00e9sente ici quelques &hellip;","og_url":"http:\/\/www.photovoyage.fr\/blog\/aupres-de-arbres\/","og_site_name":"photovoyage.fr","article_modified_time":"2018-06-01T21:58:42+00:00","twitter_misc":{"Dur\u00e9e de lecture estim\u00e9e":"1 minute"},"schema":{"@context":"https:\/\/schema.org","@graph":[{"@type":"WebPage","@id":"http:\/\/www.photovoyage.fr\/blog\/aupres-de-arbres\/","url":"http:\/\/www.photovoyage.fr\/blog\/aupres-de-arbres\/","name":"Projet \"Aupr\u00e8s de mon Arbre\" - photovoyage.fr","isPartOf":{"@id":"http:\/\/www.photovoyage.fr\/blog\/#website"},"datePublished":"2017-04-24T20:11:14+00:00","dateModified":"2018-06-01T21:58:42+00:00","breadcrumb":{"@id":"http:\/\/www.photovoyage.fr\/blog\/aupres-de-arbres\/#breadcrumb"},"inLanguage":"fr-FR","potentialAction":[{"@type":"ReadAction","target":["http:\/\/www.photovoyage.fr\/blog\/aupres-de-arbres\/"]}]},{"@type":"BreadcrumbList","@id":"http:\/\/www.photovoyage.fr\/blog\/aupres-de-arbres\/#breadcrumb","itemListElement":[{"@type":"ListItem","position":1,"name":"Accueil","item":"http:\/\/www.photovoyage.fr\/blog\/"},{"@type":"ListItem","position":2,"name":"Projet \u00ab\u00a0Aupr\u00e8s de mon Arbre\u00a0\u00bb"}]},{"@type":"WebSite","@id":"http:\/\/www.photovoyage.fr\/blog\/#website","url":"http:\/\/www.photovoyage.fr\/blog\/","name":"photovoyage.fr","description":"La passion de la photo et du voyage. Retrouvez ici nos r\u00e9cits de voyages et nos photos.","publisher":{"@id":"http:\/\/www.photovoyage.fr\/blog\/#\/schema\/person\/a6600656ccdd05f7a4132987c28fc4ac"},"potentialAction":[{"@type":"SearchAction","target":{"@type":"EntryPoint","urlTemplate":"http:\/\/www.photovoyage.fr\/blog\/?s={search_term_string}"},"query-input":{"@type":"PropertyValueSpecification","valueRequired":true,"valueName":"search_term_string"}}],"inLanguage":"fr-FR"},{"@type":["Person","Organization"],"@id":"http:\/\/www.photovoyage.fr\/blog\/#\/schema\/person\/a6600656ccdd05f7a4132987c28fc4ac","name":"photovoyage","image":{"@type":"ImageObject","inLanguage":"fr-FR","@id":"http:\/\/www.photovoyage.fr\/blog\/#\/schema\/person\/image\/","url":"http:\/\/www.photovoyage.fr\/blog\/wp-content\/uploads\/2018\/04\/cropped-cropped-logo3.jpg","contentUrl":"http:\/\/www.photovoyage.fr\/blog\/wp-content\/uploads\/2018\/04\/cropped-cropped-logo3.jpg","width":873,"height":111,"caption":"photovoyage"},"logo":{"@id":"http:\/\/www.photovoyage.fr\/blog\/#\/schema\/person\/image\/"}}]}},"_links":{"self":[{"href":"http:\/\/www.photovoyage.fr\/blog\/wp-json\/wp\/v2\/pages\/2495","targetHints":{"allow":["GET"]}}],"collection":[{"href":"http:\/\/www.photovoyage.fr\/blog\/wp-json\/wp\/v2\/pages"}],"about":[{"href":"http:\/\/www.photovoyage.fr\/blog\/wp-json\/wp\/v2\/types\/page"}],"author":[{"embeddable":true,"href":"http:\/\/www.photovoyage.fr\/blog\/wp-json\/wp\/v2\/users\/1"}],"replies":[{"embeddable":true,"href":"http:\/\/www.photovoyage.fr\/blog\/wp-json\/wp\/v2\/comments?post=2495"}],"version-history":[{"count":0,"href":"http:\/\/www.photovoyage.fr\/blog\/wp-json\/wp\/v2\/pages\/2495\/revisions"}],"wp:attachment":[{"href":"http:\/\/www.photovoyage.fr\/blog\/wp-json\/wp\/v2\/media?parent=2495"}],"curies":[{"name":"wp","href":"https:\/\/api.w.org\/{rel}","templated":true}]}}

Projet « Auprès de mon Arbre »

<div class="yzp-no-index"></div><p>Les arbres sont un sujet photographique que j&rsquo;aime particulièrement. Ces « dons de la nature » qui changent au fil des saisons, nous gratifiant sans cesse de nouveaux « visages » . Ce sont aussi des témoins de l&rsquo;histoire qui nous font relativiser quant à notre empreinte sur cette Terre. Les arbres sont la vie.</p>
<p>Je présente ici quelques photos d&rsquo;arbres en tout genre qui j&rsquo;ai pu admirer. Chacun a &nbsp;su attirer mon regard par sa singularité.</p>
ngg_shortcode_0_placeholder
<p>&nbsp;</p>

<p>Les arbres sont un sujet photographique que j&rsquo;aime particulièrement. Ces « dons de la nature » qui changent au fil des saisons, nous gratifiant sans cesse de nouveaux « visages » . Ce sont aussi des témoins de l&rsquo;histoire qui nous font relativiser quant à notre empreinte sur cette Terre. Les arbres sont la vie. Je présente ici quelques &hellip;</p>

<!-- This site is optimized with the Yoast SEO plugin v24.1 - https://yoast.com/wordpress/plugins/seo/ -->
<title>Projet &quot;Auprès de mon Arbre&quot; - photovoyage.fr</title>
<meta name="robots" content="index, follow, max-snippet:-1, max-image-preview:large, max-video-preview:-1" />
<link rel="canonical" href="http://www.photovoyage.fr/blog/aupres-de-arbres/" />
<meta property="og:locale" content="fr_FR" />
<meta property="og:type" content="article" />
<meta property="og:title" content="Projet &quot;Auprès de mon Arbre&quot; - photovoyage.fr" />
<meta property="og:description" content="Les arbres sont un sujet photographique que j&rsquo;aime particulièrement. Ces « dons de la nature » qui changent au fil des saisons, nous gratifiant sans cesse de nouveaux « visages » . Ce sont aussi des témoins de l&rsquo;histoire qui nous font relativiser quant à notre empreinte sur cette Terre. Les arbres sont la vie. Je présente ici quelques &hellip;" />
<meta property="og:url" content="http://www.photovoyage.fr/blog/aupres-de-arbres/" />
<meta property="og:site_name" content="photovoyage.fr" />
<meta property="article:modified_time" content="2018-06-01T21:58:42+00:00" />
<meta name="twitter:label1" content="Durée de lecture estimée" />
	<meta name="twitter:data1" content="1 minute" />
<script type="application/ld+json" class="yoast-schema-graph">{"@context":"https://schema.org","@graph":[{"@type":"WebPage","@id":"http://www.photovoyage.fr/blog/aupres-de-arbres/","url":"http://www.photovoyage.fr/blog/aupres-de-arbres/","name":"Projet \"Auprès de mon Arbre\" - photovoyage.fr","isPartOf":{"@id":"http://www.photovoyage.fr/blog/#website"},"datePublished":"2017-04-24T20:11:14+00:00","dateModified":"2018-06-01T21:58:42+00:00","breadcrumb":{"@id":"http://www.photovoyage.fr/blog/aupres-de-arbres/#breadcrumb"},"inLanguage":"fr-FR","potentialAction":[{"@type":"ReadAction","target":["http://www.photovoyage.fr/blog/aupres-de-arbres/"]}]},{"@type":"BreadcrumbList","@id":"http://www.photovoyage.fr/blog/aupres-de-arbres/#breadcrumb","itemListElement":[{"@type":"ListItem","position":1,"name":"Accueil","item":"http://www.photovoyage.fr/blog/"},{"@type":"ListItem","position":2,"name":"Projet « Auprès de mon Arbre »"}]},{"@type":"WebSite","@id":"http://www.photovoyage.fr/blog/#website","url":"http://www.photovoyage.fr/blog/","name":"photovoyage.fr","description":"La passion de la photo et du voyage. Retrouvez ici nos récits de voyages et nos photos.","publisher":{"@id":"http://www.photovoyage.fr/blog/#/schema/person/a6600656ccdd05f7a4132987c28fc4ac"},"potentialAction":[{"@type":"SearchAction","target":{"@type":"EntryPoint","urlTemplate":"http://www.photovoyage.fr/blog/?s={search_term_string}"},"query-input":{"@type":"PropertyValueSpecification","valueRequired":true,"valueName":"search_term_string"}}],"inLanguage":"fr-FR"},{"@type":["Person","Organization"],"@id":"http://www.photovoyage.fr/blog/#/schema/person/a6600656ccdd05f7a4132987c28fc4ac","name":"photovoyage","image":{"@type":"ImageObject","inLanguage":"fr-FR","@id":"http://www.photovoyage.fr/blog/#/schema/person/image/","url":"http://www.photovoyage.fr/blog/wp-content/uploads/2018/04/cropped-cropped-logo3.jpg","contentUrl":"http://www.photovoyage.fr/blog/wp-content/uploads/2018/04/cropped-cropped-logo3.jpg","width":873,"height":111,"caption":"photovoyage"},"logo":{"@id":"http://www.photovoyage.fr/blog/#/schema/person/image/"}}]}</script>
<!-- / Yoast SEO plugin. -->

Projet "Auprès de mon Arbre" - photovoyage.fr

Les arbres sont un sujet photographique que j&rsquo;aime particulièrement. Ces « dons de la nature » qui changent au fil des saisons, nous gratifiant sans cesse de nouveaux « visages » . Ce sont aussi des témoins de l&rsquo;histoire qui nous font relativiser quant à notre empreinte sur cette Terre. Les arbres sont la vie. Je présente ici quelques &hellip;

La passion de la photo et du voyage. Retrouvez ici nos récits de voyages et nos photos.
